s = 40 - -16. Suppose -5 = -2*p + 1. Suppose p*b - s = -b. What is the units digit of b?
4
Let t(d) = 3*d**2 - 1. Let g be t(-1). Suppose 0 = s - 2*s - 4*f + 238, -g = 2*f. Suppose 3*u = -0*y + 5*y - s, -3*u = 12. What is the units digit of y?
6
Suppose -32 = -3*f + 304. Suppose 2*l = u + 214, f = l - 5*u + 2*u. What is the hundreds digit of l?
1
What is the units digit of ((-13)/3 + 4)*(3 + -162)?
3
Let x(t) = 3*t**3 + 3*t**2 + 22*t + 10. What is the tens digit of x(7)?
4
Let c be -1 + 8 + -3 - 81. Let k = -39 - c. What is the units digit of k?
8
Suppose r + 16*n - 21*n = 1697, -n - 8509 = -5*r. What is the thousands digit of r?
1
Suppose -5 = -49*x + 48*x. Let z(f) = 14*f + 10. What is the tens digit of z(x)?
8
Suppose -5*r + 18 = -m, -2*r + 0*r - 4*m + 16 = 0. What is the tens digit of r/(-22) + 563/11?
5
Let o(c) = 28*c + 2. Let w be o(6). Let z = w - 21. What is the tens digit of z?
4
Suppose -2*t + 6330 = 4*f, 10056 = 4*t - 4*f - 2568. What is the tens digit of t?
5
Let i = -18 - -20. Let d be 1/((-59)/30 + i). Let a = 15 + d. What is the units digit of a?
5
Let a be 9/3 + -3*1. Suppose a*u = -u. What is the units digit of 3/(-3 - u) - -23?
2
Let d(a) be the third derivative of 2*a**4/3 - 2*a**3/3 - 4*a**2. What is the tens digit of d(3)?
4
Let r(b) = 36*b + 26. Let w(y) = -y**3 - 20*y**2 - 21*y - 31. Let d be w(-19). What is the hundreds digit of r(d)?
2
Suppose 9*a = -c + 10*a, 3*a = -2*c - 15. Let l(t) = -1 - 10*t - 4 + 4*t. What is the tens digit of l(c)?
1
Let u = 8 + -10. Let c be (-3 - u/2) + 0. Let k = c - -16. What is the tens digit of k?
1
Let g = -517 + 1023. What is the hundreds digit of g?
5
Suppose -80 = -13*k + 3*k. Suppose t + 5*b = 321 - k, -3*t + 900 = 2*b. What is the hundreds digit of t?
2
What is the hundreds digit of ((27/(-3))/3)/(12/(-7676))?
9
Let k(c) = 239*c + 285. What is the thousands digit of k(5)?
1
Let r(g) = 2*g + 24. Let a be r(-6). Suppose -4*q - 5*v + 429 = 0, q + a = 4*v + 93. What is the units digit of q?
1
Let j(o) be the first derivative of 7*o + 9*o**2 - 1 - 10*o**2 + 2. What is the tens digit of j(-10)?
2
Let g(n) = -n**3 + 3*n + 2791. What is the tens digit of g(0)?
9
Suppose -15*u + 1370 = -1015. What is the tens digit of u?
5
Let d = -560 + 1044. What is the hundreds digit of d?
4
Suppose -3*b + 1059 = 3*c, 0 = -2*b - 7*c + 2*c + 691. What is the hundreds digit of b?
3
Suppose -69 = 4*x + 43. Let b be x/(-12) - 6/(-9). What is the units digit of b/(-6)*-102 + -1?
0
Let i = -2 + 4. Let x(y) = y + 2. Let g be x(i). Suppose -m - 95 = -3*s - 0*m, 132 = 4*s - g*m. What is the units digit of s?
1
Let p be (48/(-10))/((-12)/30). Suppose -6*c + 12 = -p. What is the units digit of c?
4
Let g(k) = 4*k**2 + 26*k + 283. What is the hundreds digit of g(-21)?
5
Let s be 1/(-2) + 30/12*-13. What is the hundreds digit of s/(-2)*(-13)/(156/(-232))?
3
Suppose -6*r - 2130 = -5*x - r, 0 = 2*x - 3*r - 855. What is the tens digit of x?
2
Let a(q) = q. Let s(k) = -25*k. Let l(x) = 4*a(x) + 4*s(x). What is the tens digit of l(-1)?
9
Let n(w) = w**3 - 9*w**2 - w + 70. What is the units digit of n(12)?
0
Let u(x) = 14*x + 4. Let b(j) = 2*j. Let s(d) = -d. Let v(o) = 3*b(o) + 7*s(o). Let a(y) = u(y) + 8*v(y). What is the units digit of a(7)?
6
Suppose 6*u - 4*u = 3*g + 25, u + 2*g = -5. Suppose 1030 = 4*q + 2*d, 0*d - 3*d - 1282 = -u*q. What is the hundreds digit of q?
2
Let j(w) = 120*w - 383. What is the thousands digit of j(19)?
1
Let u be 26/8*(-11 + -1). Let i = 28 + u. Let p = i + 13. What is the units digit of p?
2
Let p be 527*(-4)/8*-2. Let o = -286 + p. What is the hundreds digit of o?
2
Suppose -6 = 2*k - 4*g, -4*k = -0*g - g - 16. Suppose -4*i - k = 2*c - 7*i, 3*c - 5*i + 10 = 0. What is the units digit of (5 - 1) + -2 + c?
7
Suppose 18*g = 1556 + 9028. Suppose -g = -0*h - 6*h. What is the units digit of h?
8
Suppose 0 = 5*r - 5*p - 2645, 4*p + 1525 + 1123 = 5*r. What is the hundreds digit of r?
5
Let q = -33 - -36. Suppose 2*p - 3*d = 72, 0 = p - 5*p - q*d + 108. What is the tens digit of p?
3
Let w = 10397 + -5127. What is the thousands digit of w?
5
Let r(x) = -x**2 + 8*x + 4. Let y be r(6). Let w = y - 10. Suppose -w*b + 28 = -4*b. What is the tens digit of b?
1
Let f(h) = -h**2 - 13*h - 37. Let c be f(-7). Suppose -c*v = -v - 876. What is the hundreds digit of v?
2
Suppose 0 = -5*n + 5*y + 3625, 5*n + 4*y - 2287 - 1293 = 0. What is the hundreds digit of n?
7
Let q = -255 + 599. What is the units digit of q?
4
Let t(j) = -22*j - 35. Let g be t(8). What is the tens digit of 1 + -1 - -1 - g?
1
Suppose -4*i - 2386 = -3*g, g - 2416 = -2*g - 2*i. What is the tens digit of g?
0
Suppose 2*v + 3*v = 15, 286 = -5*l - 3*v. What is the tens digit of (23/23)/((-1)/l)?
5
Suppose -202*t + 216*t = 966. What is the units digit of t?
9
Let d be (-6)/(-1)*((-48)/(-9) - 2). What is the tens digit of d/(-8)*820/(-25)?
8
Suppose 0 = -5*g + 4*q + 29, -3 = 2*g - 5*q - 1. Let r be 1*(g/(-3) + 124). Suppose 5*p - a = a + r, -3*a = -6. What is the units digit of p?
5
Suppose -2*l = -2 + 4, 4*l + 232 = 2*s. Let q be (-2)/9 - (-87)/27. Suppose -3*y + s = -0*y + 3*x, 5*y = q*x + 230. What is the tens digit of y?
4
Suppose -40*p + 18420 = -11500. What is the units digit of p?
8
Let k(q) = 3*q + 5. Let z(r) = 0*r + 0*r + 3*r + 2 + 3. Let i(f) = -2*k(f) + 3*z(f). What is the tens digit of i(12)?
4
What is the units digit of 2*-2*35/56*-178?
5
Let c(u) be the second derivative of -u - 1/4*u**4 + 1/2*u**3 + 1/20*u**5 + 0 - 1/2*u**2. What is the units digit of c(2)?
1
What is the tens digit of (3 - 1)/((-10)/(-1890))?
7
Let v be 5/10 - (-2)/(-4). Suppose -n - 31 = -v*n. Let g = -13 - n. What is the units digit of g?
8
Let y(o) = o**3 - 5*o**2 - 5. Let w be y(5). Let m(f) = -f**3 - 3*f**2 + 6. Let l be m(w). What is the units digit of -2 + (l - -1 - 3)?
2
Let o be 30/12*(-6)/(-5). What is the tens digit of (101 - o) + 4 + 2/2?
0
Suppose -19350 = -26*n + 4882. What is the tens digit of n?
3
Let d = -403 + 714. What is the units digit of d?
1
Let r(h) = -3*h + 17. Let s be r(9). Let l(n) = -n**2 - 11*n - 8. Let v be l(s). Suppose 0 = k, 3*x + v*x + 2*k = 130. What is the tens digit of x?
2
Suppose -2*b - 5*y = -116, -3*b + 0*y = 4*y - 160. Suppose 2*s - 294 = -b. What is the units digit of s?
3
Let h(z) be the second derivative of z**6/360 + z**5/40 + z**4/8 - 2*z**3/3 + z. Let k(q) be the second derivative of h(q). What is the units digit of k(-5)?
3
Let k(u) = -u**2 - 19*u - 5. Suppose -15 = 5*d + 30. What is the units digit of k(d)?
5
What is the tens digit of (-78 - -35)*-5*17?
5
Let q(s) = -5*s + 13. Let n be q(-5). Suppose n = u - 42. What is the units digit of u?
0
Suppose -8*m + 24 = -0*m. What is the units digit of (m - 114/9)*-9?
7
Let q = -35 - -39. What is the units digit of (q - 4)/1 - -8?
8
What is the tens digit of 5/1 - (-5 - 2)*145?
2
Suppose -t + 6 = 2. Suppose -420 = -t*m + 2*m. What is the tens digit of m?
1
Let y be 4/18 + (-35)/(-90)*20. Suppose -7*f = -6*f - y. What is the units digit of f?
8
Let n(p) be the first derivative of -1/3*p**3 + 9/2*p**2 + 10*p - 4. What is the tens digit of n(8)?
1
Let i be 17/(-34) - 1/(-2). Let p be -62 - i - (3 - 1). What is the tens digit of 174/8 - 16/p?
2
Let m(j) = 2*j + 17. Let n be m(-6). Suppose h - 3*w - w = 52, 0 = -4*h + 4*w + 208. Suppose -4*c + 45 = n*y - 111, -h = -2*y + c. What is the tens digit of y?
2
Let d(p) = 30*p**2 + p + 7. Let o be d(-2). Suppose 9*t - o = 8*t. What is the hundreds digit of t?
1
Let u(s) = 3*s**3 - 48*s**2 + 2*s - 4. What is the tens digit of u(16)?
2
Let u = 14 + 10. What is the units digit of 22/5 + u/(-60)?
4
Suppose 2*s + 5*x = -530 + 2734, 5*s = -2*x + 5552. What is the tens digit of s?
1
Let s(j) = -33 + j + 5*j + 2*j. What is the units digit of s(6)?
5
Suppose 17*o - 6*o = 3828. Suppose 3*i + o = 6*i. What is the hundreds digit of i?
1
Let q = 6745 + -4510. What is the thousands digit of q?
2
Suppose -141*z + 119*z + 75702 = 0. What is the hundreds digit of z?
4
Let h = 5 + -2. Suppose 2*n + 0*o - h*o = 48, -n = o - 19. What is the tens digit of n?
2
Suppose 0 = 5*h + 6 - 1. What is the tens digit of 19 + 3 + (1 - h)?
2
Suppose 4 - 10 = -b. Suppose -2*j + 263 = -0*j - 3*i, -4*j + 530 = -2*i. Suppose -b*r - 19 = -j. What is the units digi